4/(-6). Calculate the greatest common factor of g and h.
2
Suppose m = -5*y + 12 + 8, -y + m + 10 = 0. Suppose 0 = 5*t - y*b - 45, 0 = 2*t - b + 4*b - 28. What is the greatest common factor of t and 1?
1
Let f(s) = -s**3 + 2*s**2 + 2*s - 3. Let c be f(0). Let q be (6/(-8)*2)/(c/88). Suppose -4*u + u + 66 = 0. What is the highest common factor of q and u?
22
Let z be 405/57 - 7 - 3710/(-133). Let s = -45 - -73. What is the highest common factor of s and z?
28
Let m(a) = a**3 + 3*a**2 - 8*a - 12. Let r be m(-4). Suppose 0 = -r*t + 2*j + 34, t = -4*j - 20 + 6. What is the highest common factor of 18 and t?
6
Suppose 0 = 4*c - 3*c - 10. Suppose -2*a = c - 2. Let j be 3 + 6 - (a - -1). Calculate the highest common factor of j and 24.
12
Suppose 5 = n + 3. Suppose 0 = 2*z + n*z - 16, -w - z = -30. Let x be (-6 - -4)/(12/(-78)). What is the greatest common factor of x and w?
13
Let k be 179 - (18/3 + -7)/1. Calculate the highest common factor of 405 and k.
45
Let m(u) be the second derivative of 3*u**3/2 - 45*u**2/2 - 24*u. Let f be m(7). Let n = -9 + 15. What is the highest common factor of f and n?
6
Suppose 0 = 2*m + m + 99. Let a be (-6)/m - 53/(-11). Suppose -g - 24 = -a*g. What is the highest common factor of g and 15?
3
Suppose -9 + 50 = 3*f - 5*g, 0 = 3*f - 2*g - 56. Let j = f - 19. Suppose 4*p = l + 25, l = -j*l - 4. What is the highest common factor of 2 and p?
2
Let a = -606 - -620. Let h be (-6)/(-21) - (-38)/14. Suppose -h*k = -x - 9, 4*x = 4*k - 0*x - 20. Calculate the greatest common factor of a and k.
2
Let m = 2063 - 1972. What is the highest common divisor of m and 21?
7
Suppose 0 = -2*d + 44 + 82. Let g be 1/(0/(-3) - -1). Let r be 21 + 0/(-3 - g). What is the highest common factor of d and r?
21
Let l(k) = 2*k**2 - 3*k - 3. Let i be (3 - -1)*3/(-2). Let x = i + 9. Let z be l(x). What is the greatest common factor of 66 and z?
6
Suppose 0*a - 33*a + 528 = 0. Calculate the greatest common factor of 80 and a.
16
Let z(d) = -12*d + 112. Let y be z(-4). Calculate the greatest common factor of 20 and y.
20
Let w(u) = -2*u - 11. Let a be w(-8). Suppose a*y = y + 120. Let v(o) = 5*o - 10. Let t be v(4). Calculate the highest common divisor of y and t.
10
Suppose 5*f = 5*l + 195, f = 2*l + 71 - 29. Let r be 15/240 - 764/(-64). What is the greatest common factor of r and f?
12
Let j = 12 - 31. Let b = j + 16. Let m be (4/(-6))/(1/b). Calculate the greatest common factor of 2 and m.
2
Let a be ((-12)/(-5))/((-2)/(-20)). Let d = a + -14. Let o(p) = -p**2 - 7*p + 15. Let k be o(-7). Calculate the greatest common divisor of d and k.
5
Let y = -614 - -920. What is the highest common factor of y and 357?
51
Let v = 23 + -21. Let b = 7 + v. Suppose 0 = 2*g - b + 5. What is the highest common divisor of g and 18?
2
Suppose 2*l - 33 = 107. Let r be (48/(-10))/((-2)/20). Suppose -4*x = -8 - r. Calculate the highest common divisor of l and x.
14
Let h = 1104 + -1090. Calculate the greatest common divisor of 238 and h.
14
Let l be 2/(-17) + (-302000)/(-680). Calculate the greatest common factor of 12 and l.
12
Let w be ((-74)/296)/(((-1)/4)/1). Suppose -12 = -5*l + 8. Calculate the highest common factor of l and w.
1
Suppose -f + 127 = 4*s, 9*f + 3*s + 584 = 13*f. Calculate the greatest common factor of f and 11.
11
Suppose -x = 2*t - 98, 8 = -2*t + 2. Suppose v - 3*v = 0. Suppose v = -0*o - 3*o + 39. What is the greatest common divisor of o and x?
13
Suppose 1739 + 718 = 13*n. What is the highest common factor of 14 and n?
7
Let s be (63/(-12))/(1420/(-1408) - -1). Calculate the highest common factor of s and 176.
88
Let c = -1004 - -1084. What is the greatest common divisor of c and 128?
16
Let h(o) = -o - 1. Let x(p) = 54*p + 2. Let j = -14 - -11. Let a(u) = j*h(u) + x(u). Let c be a(3). What is the greatest common divisor of c and 22?
22
Suppose -4*o = 45 - 189. Calculate the greatest common divisor of o and 288.
36
Let s(t) = 231*t**2 + 11*t + 10. Let f be s(-1). Calculate the highest common factor of 40 and f.
10
Let b(i) = i**2 - 3*i - 5*i - 9 - i + 1. Let j be b(10). Suppose j*u + 42 = 3*l - 2*l, -5*u = -l + 48. What is the greatest common factor of l and 95?
19
Let a(f) = -f**2 + 17. Let z be a(0). Suppose -2*t + 30*t - 2380 = 0. Calculate the highest common factor of t and z.
17
Let r = 421 - 161. What is the highest common factor of r and 156?
52
Let t = -1422 - -1476. What is the greatest common divisor of t and 2?
2
Suppose -7*d = -5*d - 560. What is the highest common divisor of 200 and d?
40
Suppose 3*n = 5*n - 10. What is the greatest common factor of n and 35?
5
Let f(c) = 3*c**2 - 2*c. Let y be f(-1). Suppose 0 = -q - 4*q - 10, y*q = 4*m - 150. What is the highest common factor of 28 and m?
7
Suppose -407 = 4*i - 1699. Calculate the greatest common factor of i and 19.
19
Suppose 5*g - 2*p - 65 = 0, 4*g + 4*p - 65 = -g. Suppose g*h = 8*h + 35. What is the greatest common factor of h and 7?
7
Let x(y) = -y**2 - 8*y + 3. Let v(q) = -q + 1. Let w be v(-4). Suppose 2*z + w = z. Let h be x(z). What is the greatest common factor of 36 and h?
18
Suppose 0*f - 3*f = -627. Let v(p) = -p**3 - 78*p**2 - 145*p + 551. Let b be v(-76). Calculate the highest common factor of f and b.
19
Suppose 3*p + 398 = 4*n - 8, -3*n + 304 = -2*p. What is the greatest common divisor of 1025 and n?
25
Let f(k) = 2*k**2 - 2*k - 7. Let r be f(3). Suppose 2*i = v + 3, 0*i - 24 = -r*v - 3*i. Calculate the highest common factor of v and 2.
1
Let n = 23 + -15. Let r(v) = 5*v + 3. Let s be r(1). What is the greatest common factor of n and s?
8
Let j = 144 - 79. Let q(x) = 2*x**2 + x - 78. Let n be q(-7). Calculate the highest common divisor of j and n.
13
Suppose -5*c = -c - 8. Let n(d) = -2*d**3 + d**3 + 9*d + d**2 + d**2 - 11*d**c + 2. Let h be n(-10). Calculate the highest common factor of 3 and h.
3
Let u = -38 - -121. Let v = u + -77. What is the highest common divisor of v and 96?
6
Let j(l) = -4*l**2 + 4*l + 2. Let w be j(-5). Let n = 208 + w. Suppose -5*u = -x + 3, 2*u + 40 = 4*x - 26. What is the greatest common divisor of x and n?
18
Suppose -7 = -3*g + 38. Suppose 0 = -5*v + 13*v - 1560. Calculate the highest common divisor of v and g.
15
Let n be ((-11)/3)/(1/(-12)). What is the highest common factor of 40 and n?
4
Let m = 7566 + -7542. Let h be (1 + -2 - -1) + 2. Let n = 1 + h. What is the highest common factor of m and n?
3
Let h = 6 + -4. Let j(f) = -f**3 + 18*f**2 - 22*f - 29. Let q be j(11). Suppose q = 2*d + h*d. Calculate the highest common factor of d and 16.
16
Let a be 966/28*(-22)/(-3). Let d(y) = 5*y - 7. Let w be d(6). What is the greatest common divisor of a and w?
23
Let o(j) = -j**2 - 16*j - 10. Let f be o(-13). Suppose -y = b + 3*y - f, 2*y = 4*b - 170. What is the highest common divisor of b and 369?
41
Let r be 546 - (0 + (6 - 0)). What is the greatest common factor of r and 9?
9
Suppose 5*g = -0*g + 10. Suppose j + 4*b - 32 = 20, 0 = g*b. Let v(p) = 11*p**3 - 5*p**2 + 6*p - 2. Let z be v(2). What is the highest common factor of z and j?
26
Let h = -2 + 7. Suppose -h*b + 193 = 43. Suppose 4*p = 4*g + 26 + 10, -4*p + 41 = g. Calculate the greatest common divisor of b and p.
10
Let y = -2 - 30. Let u be 1/(-2) - 912/y. Let s be 5/10 - (-54)/4. What is the greatest common divisor of u and s?
14
Let h = -392 - -1238. What is the greatest common divisor of h and 94?
94
Let o be ((-4)/6)/((-2)/12). Suppose 0*r - r = 4*w - 91, 2*w = -5*r + 59. Suppose -w = -6*y + 2. Calculate the highest common divisor of y and o.
4
Let g be (-105)/50*2*-35. What is the highest common factor of 49 and g?
49
Suppose 8*p + 2398 = 5*l + 6*p, -p + 1 = 0. What is the highest common factor of l and 90?
30
Suppose 23 = -11*w + 254. Calculate the highest common factor of w and 189.
21
Let r = 49 + -4. Let n = r + 99. What is the greatest common divisor of 18 and n?
18
Let z(s) = -18*s**2 + 2*s + 1. Let i be z(2). Let l = 113 + i. Suppose -d = -3*d + 138. What is the highest common factor of l and d?
23
Let h(p) = 179*p + 46. Let w be h(1). What is the highest common divisor of w and 9?
9
Let w = -3 - -10. Let c(l) = l**2 + 2. Let x(v) = -v**2 - 11*v + 13. Let h(r) = 3*c(r) - x(r). Let f be h(w). What is the highest common factor of f and 38?
38
Suppose -30 = -2*y - y.